?
2, 3, 11
Suppose 0 = -10*l + 12*l + 6. Let b = l - -77. What are the prime factors of b?
2, 37
Let m = 19 + -44. List the prime factors of (30/m)/(3/(-290)).
2, 29
Suppose 0 = -19*z + 12*z + 28. Suppose -1405 = z*x - 9*x. What are the prime factors of x?
281
Suppose 3*o + 2*w = 19, -4*o - 3*w = 4 - 28. Suppose o*s - s - 408 = 0. List the prime factors of s.
3, 17
Let n be 0*(-4)/(-4 - -8). Suppose 60*i - 58*i - 198 = n. List the prime factors of i.
3, 11
Suppose 0 = 6*k + 78 - 1842. List the prime factors of k.
2, 3, 7
Let f be (-85)/(28/10 - (1 + 2)). Suppose -2*g - g = 0, f = 5*p - 4*g. What are the prime factors of p?
5, 17
Let v be (-2)/(-4)*(2 - -210). Suppose v = k + 82. What are the prime factors of k?
2, 3
Let n(x) be the second derivative of 4*x**3/3 + 31*x**2/2 - 9*x - 2. List the prime factors of n(30).
271
Suppose q + 13 = -2*f, -q = f - 0*f + 8. Let y(p) be the first derivative of -p**2 + p + 1. List the prime factors of y(f).
11
Suppose 3*m - 128 = 58. Let f = -312 + 281. Let b = m + f. List the prime factors of b.
31
Suppose -3*i + a + 382 = -0*i, 0 = -4*i - a + 514. Suppose -i = -2*j + j. List the prime factors of 15*(j/(-12))/(-4).
2, 5
Suppose -q + 3*a + 7 = 0, -2*q + 3*a + 8 = -a. Let l be q + 5 + (5 - 3). Suppose -t - 55 = -5*o, t + 4*t - l = -3*o. List the prime factors of o.
2, 5
Suppose 3*n = 2*a - 71, 4*n - 242 = -5*a - 30. List the prime factors of (a/(-78) + 18/(-117))*-249.
2, 83
Let k = 74 - 170. Let l = k + -2. Let v = -57 - l. List the prime factors of v.
41
Let j be 1068/(-9)*(-1 + -8 - 3). Suppose -2*o - 6*o + j = 0. What are the prime factors of o?
2, 89
What are the prime factors of 214 - (3/1 - -2)?
11, 19
What are the prime factors of 254*1*(-4)/(88/(-77))?
7, 127
Let i be 2 - (-4)/((-8)/(-450)). Let z = -91 + i. List the prime factors of z.
2, 17
Let o = -32 + 31. List the prime factors of ((-1)/(-3)*-3)/(o/8).
2
Suppose 0 = 15*d + 3*d - 19260. What are the prime factors of d?
2, 5, 107
Suppose -4*c + 4*w + 6671 - 79 = 0, -2*w + 3292 = 2*c. What are the prime factors of c?
3, 61
Let o(w) = w**3 + 6*w**2 + 4*w - 2. Let p be o(-5). Let t(s) = 6 + s**2 + 0*s**2 + p - 4. What are the prime factors of t(-4)?
3, 7
Let a(q) = -q**2 + 3*q - 3. Let m be a(2). Let h = m + 2. What are the prime factors of -2 - 37*(h + -2)?
5, 7
Let v(x) = -x**3 + 8*x**2 + 5*x - 3. What are the prime factors of v(-5)?
3, 11
Suppose 3*l - 1 = 2*f, 2*f - 6*f + 4 = -4*l. Suppose 135 = f*i - 113. List the prime factors of i.
2, 31
Suppose -2*c = -6*c - 32. Let r(q) be the third derivative of -q**4/12 - 4*q**3/3 - 4*q**2. What are the prime factors of r(c)?
2
Suppose 0 = -21*i - 2*i + 2599. What are the prime factors of i?
113
Let r(a) = -5*a**3 + 4*a - 5. Let q = -56 + 52. What are the prime factors of r(q)?
13, 23
Let b(u) = 2*u + 4. Let q be b(2). List the prime factors of 122 + q/(-4 + 2).
2, 59
Let x(k) = 3*k**2 + 4*k - 4. Let f be x(8). Suppose f = 9*j - 4*j. List the prime factors of j.
2, 11
Let y be -16*1*(-3)/(-6). Let d = 9 + y. What are the prime factors of 14 - d - (-24)/(-8)?
2, 5
Let b(t) be the second derivative of -4*t**3/3 + 7*t**2/2 - 14*t. What are the prime factors of b(-6)?
5, 11
What are the prime factors of 11/(-33)*2148/(-2)?
2, 179
Let l = 742 - -382. What are the prime factors of l?
2, 281
Let a = -16 - -213. Suppose -a = -d - f, -2*f + 332 = 4*d - 448. What are the prime factors of d?
193
What are the prime factors of -3 - 4/(-2) - (-3674 + -10)?
29, 127
Let b(p) = -p**3 - 15*p**2 - 19*p + 5. Suppose 6*f + 42 = 3*f. Let j be b(f). Let a = -47 + j. List the prime factors of a.
2, 7
Let u(m) = 307*m**3 + m**2 - 2*m + 2. Let y be u(1). Let w = -125 + y. List the prime factors of w.
3, 61
Let q = -551 + 1378. List the prime factors of q.
827
Suppose 3*c = 4*w - 1484, 371 = w - 11*c + 14*c. List the prime factors of w.
7, 53
Let n be (2/(-3))/((-8)/(-84))*-2. Suppose n*r - 564 = 8*r. What are the prime factors of r?
2, 47
Suppose 0 = 5*n - 0*s - 4*s - 8, -3*n + 3*s = -3. Suppose 5*d + 4*k + 52 = -4, -n = k. Let j = d + 19. What are the prime factors of j?
11
Let y be ((-21)/(-6))/(-7)*-6. Suppose 4 = r + 4*m - 3, -3*m = -y. Let k(l) = 4*l**2 - l - 3. What are the prime factors of k(r)?
2, 3, 5
Let a(m) = -m**3 - 7*m**2 - 9*m - 5. Let w(x) = -x**2 + 2*x - 3. Let k(v) = -3*v - 9. Let q be k(-4). Let g be w(q). What are the prime factors of a(g)?
13
Let p = 178 - -253. List the prime factors of p.
431
Suppose -3*d + 7 = 1. What are the prime factors of (-5 + d - 0) + 58?
5, 11
Let k(z) = 4*z + 3. Let n be k(6). List the prime factors of (4 - 0) + -4 + n.
3
Let t = -258 - -378. What are the prime factors of t?
2, 3, 5
Let h be ((-30)/40)/((-2)/(-200)). Let i = h + 203. List the prime factors of i.
2
Let p(v) = v**3 - 17*v**2 - 12*v - 14. Let c = -26 + 44. List the prime factors of p(c).
2, 47
Let p be 8 + (3 - (2 + 2)). Suppose -6 = -p*s + 10*s. Let c(t) = -6*t**3 + 4*t**2 + 3*t. List the prime factors of c(s).
2, 29
Suppose 0 = d + d - h - 893, -3*d + 1367 = 4*h. Suppose 4*z - d = t, 3*z - 2*t + 119 = 4*z. What are the prime factors of z?
113
Suppose 2*l - 8 = -3*l - 2*q, -4*l + q - 4 = 0. Suppose -27*y + 25*y + 32 = l. List the prime factors of y.
2
Let u be 1 - (-1 - (1 + -5)). List the prime factors of u/(-9) - (-534)/27.
2, 5
Let d = -50 + 36. Let g = 73 - d. What are the prime factors of g?
3, 29
List the prime factors of 39/(-91) - 11496/(-21).
547
Suppose 2*s = 10*s - 736. List the prime factors of s.
2, 23
Let b(q) = 4*q + 14. Let n be b(-4). Let x be (-10)/n*(0 + 1). Suppose 0*s - 3*s + 2*m = -10, x*m = -5*s + 25. List the prime factors of s.
2
Suppose 4*z + 2*x - 680 = 0, -3*z - 47*x + 510 = -46*x. What are the prime factors of z?
2, 5, 17
Suppose -257*h + 284*h - 90234 = 0. What are the prime factors of h?
2, 3, 557
Let v(a) = a**2 + 6*a + 8. Let y be v(9). Let b = -42 + y. What are the prime factors of b?
101
Suppose 0 = -4*u - 4*v + 364, -4*v + 366 = 4*u - 2*v. Let d = u - 47. What are the prime factors of d?
3, 5
Let a = 34 - 40. What are the prime factors of a/(-15) - 1141/(-35)?
3, 11
Suppose -5*l + 2*v - 3 = -1, -l - 3*v + 3 = 0. Suppose l = -3*t - t + 352. What are the prime factors of t?
2, 11
Let o(n) = -n**2 + 14*n + 30. Let r be o(16). Let k(f) = -17*f**3 + f**2 + f + 4. List the prime factors of k(r).
2, 71
Suppose 28*w - 27*w + y = 2526, -6 = 2*y. List the prime factors of w.
3, 281
Let u = 39 + -44. What are the prime factors of 7248/40 + 1/u?
181
Suppose 17*f + 2 = 189. Suppose f*a - 768 = 7*a. List the prime factors of a.
2, 3
Let k(a) = -37*a - 728. What are the prime factors of k(-24)?
2, 5
Suppose -4*u - 3 = 33. What are the prime factors of ((-222)/8)/(u/24)?
2, 37
Let p be (-2 + -6)*(-21)/28. Let m(h) = -2*h**2 - 8*h + 5 + 4*h**2 - 11. What are the prime factors of m(p)?
2, 3
Let o = 370 + -191. Suppose o = 3*j + 11. Suppose -x = 3*x - j. List the prime factors of x.
2, 7
Let g(m) = -7*m - 9. Let j = -23 + 25. Suppose -3*x - 5 = -j*x. What are the prime factors of g(x)?
2, 13
Let y(r) = -r**3 - 7*r**2 - 2*r + 10. Let q be y(-7). Suppose 0 = -g + q + 23. Suppose -g = -3*m + 4*k, -m + 4*k = -k - 1. What are the prime factors of m?
3, 7
Let o be 3 - (-1 + (0 - 0)). Let m be 1 - 0 - (-2 - o). Suppose -3*q + 8 + m = 0. List the prime factors of q.
5
Let k(x) = -x**3 - 4*x**2 + x + 5. Let i be k(-4). Let u be (-20)/10*(-2)/4*-29. Let r = i - u. What are the prime factors of r?
2, 3, 5
Let u = 24 + -5. Suppose -c - 5 = -2*c. Suppose -u = 4*q - c*q. List the prime factors of q.
19
Let u = -185 - -556. What are the prime factors of u?
7, 53
Suppose 5*z = 5*v - 410, 3*v + z - 238 = -4*z. What are the prime factors of v?
3
Let a be 3112/60 - 2/(-15). Suppose -a*h = -60*h + 1848. List the prime factors of h.
3, 7, 11
Suppose 5*i = -t - 30, 3*i = -i + 5*t - 24. What are the prime factors of 67 + 0 + (-4 - i) + -2?
67
Let m(d) = -22*d - 4 + 8 + 2 + 10*d**2 + 1. What are the prime factors of m(5)?
3, 7
Let x be 12/(-78) + 594/(-26). Let t = -52 - x. Let g = -21 - t. List the prime factors of g.
2
Let q = 32 - -424. What are the prime factors of q?
2, 3, 19
Let l(i) = 94*i**2 - 3*i - 2. Let h be l(-1). Suppose u + 25 = 4*g - 20, -4*u - h = g. Let j = 5 - u. What are the prime factors of j?
2, 3, 5
